{"id":584,"date":"2017-12-27T16:45:59","date_gmt":"2017-12-27T15:45:59","guid":{"rendered":"http:\/\/bmi-thermique.fr\/?page_id=584"},"modified":"2018-01-15T11:11:54","modified_gmt":"2018-01-15T10:11:54","slug":"584-2","status":"publish","type":"page","link":"https:\/\/bmi-thermique.fr\/index.php\/584-2\/","title":{"rendered":"Plancher Chauffant"},"content":{"rendered":"<section class=\"section  text-normal section-text-no-shadow section-inner-no-shadow section-normal section-opaque\" >\n    \n    <div class=\"background-overlay grid-overlay-0 \" style=\"background-color: rgba(0,0,0,0);\"><\/div>\n\n    <div class=\"container container-vertical-default\">\n        <div class=\"row vertical-default\">\n            <div class=\"col-md-6     text-default small-screen-default\"  ><div class=\"panel   element-top-20 element-bottom-20\" data-os-animation=\"none\" data-os-animation-delay=\"0s\">\n        <div class=\"panel-heading\">\n        <h3 class=\"panel-title\">\n            Plancher Chauffant        <\/h3>\n    <\/div>\n        <div class=\"panel-body\">\n        <div class=\"col-text-1 text-normal  element-top-20 element-bottom-20\" data-os-animation=\"none\" data-os-animation-delay=\"0s\">\n    <p>Contrairement \u00e0 un radiateur \u00e9tant un \u00e9metteur dit \u00ab\u00a0localis\u00e9\u00a0\u00bb, le plancher chauffant lui est un \u00e9metteur \u00ab\u00a0r\u00e9parti\u00a0\u00bb.<\/p>\n<p>C\u2019est-\u00e0-dire qu\u2019il chauffe de mani\u00e8re homog\u00e8ne l\u2019ensemble des pi\u00e8ces de votre habitation.<\/p>\n<p>En effet, \u00e9tant int\u00e9gr\u00e9 au sol de votre maison, il diffuse la chaleur par rayonnement, votre sol agit de ce fait comme une sorte de grand radiateur.<\/p>\n<p><img loading=\"lazy\" class=\"size-medium wp-image-648 aligncenter\" src=\"http:\/\/bmi-thermique.fr\/wp-content\/uploads\/2017\/12\/Plancher-Chauffant-2-1-300x169.jpg\" alt=\"\" width=\"300\" height=\"169\" srcset=\"https:\/\/bmi-thermique.fr\/wp-content\/uploads\/2017\/12\/Plancher-Chauffant-2-1-300x169.jpg 300w, https:\/\/bmi-thermique.fr\/wp-content\/uploads\/2017\/12\/Plancher-Chauffant-2-1-768x432.jpg 768w, https:\/\/bmi-thermique.fr\/wp-content\/uploads\/2017\/12\/Plancher-Chauffant-2-1-90x51.jpg 90w, https:\/\/bmi-thermique.fr\/wp-content\/uploads\/2017\/12\/Plancher-Chauffant-2-1-700x393.jpg 700w, https:\/\/bmi-thermique.fr\/wp-content\/uploads\/2017\/12\/Plancher-Chauffant-2-1.jpg 1000w\" sizes=\"(max-width: 300px) 100vw, 300px\" \/><\/p>\n<\/div>\n    <\/div>\n<\/div><\/div><div class=\"col-md-6     text-default small-screen-default\"  ><div class=\"panel   element-top-20 element-bottom-20\" data-os-animation=\"none\" data-os-animation-delay=\"0s\">\n        <div class=\"panel-heading\">\n        <h3 class=\"panel-title\">\n            Ils comportent de nombreux avantages :         <\/h3>\n    <\/div>\n        <div class=\"panel-body\">\n        <div class=\"col-text-1 text-normal  element-top-20 element-bottom-20\" data-os-animation=\"none\" data-os-animation-delay=\"0s\">\n    <ul>\n<li>Confort esth\u00e9tique car \u00e9tant int\u00e9gr\u00e9 au b\u00e2ti, il est invisible<\/li>\n<li>R\u00e9pond aux crit\u00e8res environnementaux car permet des \u00e9conomies d\u2019\u00e9nergies<\/li>\n<li>Homog\u00e9n\u00e9it\u00e9 de la r\u00e9partition de chaleur<\/li>\n<li>Un air ambiant plus saint car limite le brassage des poussi\u00e8res<\/li>\n<li>Aucune nuisance sonore<\/li>\n<li>Peut aussi bien chauffer votre logement l\u2019hiver et le rafraichir l\u2019\u00e9t\u00e9<\/li>\n<\/ul>\n<p><img loading=\"lazy\" class=\"size-medium wp-image-596 aligncenter\" src=\"http:\/\/bmi-thermique.fr\/wp-content\/uploads\/2017\/12\/Plancher-chauffant-300x200.jpg\" alt=\"\" width=\"300\" height=\"200\" srcset=\"https:\/\/bmi-thermique.fr\/wp-content\/uploads\/2017\/12\/Plancher-chauffant-300x200.jpg 300w, https:\/\/bmi-thermique.fr\/wp-content\/uploads\/2017\/12\/Plancher-chauffant-90x60.jpg 90w, https:\/\/bmi-thermique.fr\/wp-content\/uploads\/2017\/12\/Plancher-chauffant.jpg 360w\" sizes=\"(max-width: 300px) 100vw, 300px\" \/><\/p>\n<\/div>\n    <\/div>\n<\/div><\/div>        <\/div>\n    <\/div>\n<\/section>\n","protected":false},"excerpt":{"rendered":"Plancher Chauffant Contrairement \u00e0 un radiateur \u00e9tant un \u00e9metteur dit \u00ab\u00a0localis\u00e9\u00a0\u00bb, le plancher chauffant lui est un \u00e9metteur \u00ab\u00a0r\u00e9parti\u00a0\u00bb. C\u2019est-\u00e0-dire qu\u2019il chauffe de mani\u00e8re homog\u00e8ne l\u2019ensemble des pi\u00e8ces de votre habitation. En effet, \u00e9tant int\u00e9gr\u00e9 au sol de votre maison, il diffuse la chaleur par rayonnement, votre sol agit de ce fait comme une sorte","protected":false},"author":1,"featured_media":0,"parent":0,"menu_order":0,"comment_status":"closed","ping_status":"closed","template":"","meta":{"spay_email":""},"jetpack_sharing_enabled":true,"jetpack_shortlink":"https:\/\/wp.me\/P9nA1Z-9q","_links":{"self":[{"href":"https:\/\/bmi-thermique.fr\/index.php\/wp-json\/wp\/v2\/pages\/584"}],"collection":[{"href":"https:\/\/bmi-thermique.fr\/index.php\/wp-json\/wp\/v2\/pages"}],"about":[{"href":"https:\/\/bmi-thermique.fr\/index.php\/wp-json\/wp\/v2\/types\/page"}],"author":[{"embeddable":true,"href":"https:\/\/bmi-thermique.fr\/index.php\/wp-json\/wp\/v2\/users\/1"}],"replies":[{"embeddable":true,"href":"https:\/\/bmi-thermique.fr\/index.php\/wp-json\/wp\/v2\/comments?post=584"}],"version-history":[{"count":11,"href":"https:\/\/bmi-thermique.fr\/index.php\/wp-json\/wp\/v2\/pages\/584\/revisions"}],"predecessor-version":[{"id":653,"href":"https:\/\/bmi-thermique.fr\/index.php\/wp-json\/wp\/v2\/pages\/584\/revisions\/653"}],"wp:attachment":[{"href":"https:\/\/bmi-thermique.fr\/index.php\/wp-json\/wp\/v2\/media?parent=584"}],"curies":[{"name":"wp","href":"https:\/\/api.w.org\/{rel}","templated":true}]}}